- 42)?
13
-20 + (46 - (-24 - 5))
55
Evaluate (-1 - 0) + (29 - (-2 - -5) - -25).
50
What is the value of -35 + 1 + (-21 - -32 - (-2 + 24))?
-45
Evaluate 349 - 352 - (-1 + -23) - 89.
-68
What is the value of 4 + 6 + -59 - -20?
-29
Calculate (28 - (-32 + -34)) + (-63 - -37).
68
What is the value of -33 - (9 - -13 - 2) - -9?
-44
What is (20 - (87 + 9)) + 22 - -16?
-38
What is the value of -521 + 526 + (-4 - -32)?
33
Evaluate -11 - -1 - -11 - -110 - (-21 - (-3 + -15)).
114
Evaluate 7 + (-40 - -1 - (-72 - -29 - -40)).
-29
Calculate (-10 - (3 - (-15 - -14))) + (12 - -57).
55
Evaluate 4 + (-98 - (17 - (33 - 3))).
-81
What is the value of 30 - (-27 + (8 - (3 - (16 - 9))))?
45
Evaluate (2084 - 2067) + -11 + 14 + 6 + -1.
25
Evaluate -85 - (1 + 15 + 10 + -18 + -13).
-80
What is the value of 253 + -266 + -1 + 6 + 1 + -10?
-17
What is the value of 127 + -374 + 119 - -74?
-54
What is 42 - ((-119 - -43) + 59)?
59
What is the value of 30 + (8 - -86 - 136)?
-12
Calculate -20 + 4 + ((-6 - -12) + -2 - 1) + -14.
-27
Calculate 21 - (-1180 - -1206 - (11 + 0 + 1)).
7
What is the value of 43 - (-41 - -64) - (1 + -3) - -4?
26
What is -8 - (10 + 10 - (-7 + 1))?
-34
Calculate 8 + -15 + 21 + -6 + -2 + -58.
-52
21 + (33 + -48 - -30) - 11
25
Evaluate -48 - (-1 + 28 - (-147 + 137)).
-85
Evaluate -183 + 59 + (0 - -15) + (11 - -6 - 8).
-100
What is (-13 - 19) + -7 + 142 + -32?
71
Evaluate 8 + 1 - ((-69 - -125) + -36).
-11
Evaluate -20 + -59 + -7 - -20 - -21.
-45
-34 + 35 + (-32 - -23) + 36
28
Evaluate 69 + (5 - (-5 + -8 + 2 + -3) - 12).
76
What is 0 + (14 - 9) + 32 + -25?
12
Evaluate 190 - 211 - (10 - 49).
18
Evaluate 10 - (3 - -15 - (-96 - -133)).
29
-26 + 5 - (-4 - ((1 - -1) + -12))
-27
Calculate -37 + 56 + -22 + 42 - (3 - -2).
34
Evaluate 91 + -21 + -73 + (-14 - (5 - 2)).
-20
Evaluate 14 - -10 - (-4 + 0 + (14 - 6)).
20
What is 1 + 9 + (29 + 39 - 87) + -32 + 2?
-39
59 + 55 + 24 + -3
135
What is (23 + -14 - 40) + 17 + -27?
-41
Calculate (-73 - (-2 - 53)) + (0 - 73) + -9.
-100
What is the value of -31 + (-28 - -51) + (14 - 24) + 1 + -2?
-19
-1136 + 1202 + (-42 - 0)
24
What is the value of (10 - 8) + 0 + 8 + -1 + -39?
-30
0 - -113 - (227 - 188)
74
-57 + (-63 - -192) - 39
33
What is the value of 54 - (18 + -3 + (-150 - -145))?
44
What is (3 - (-5 - 4)) + -4 + -2 + -2 + -73?
-69
Calculate -24 + -14 + -12 + 28 + (-11 - 1).
-34
Calculate (-65 - 2) + (228 - 186).
-25
What is 0 + (47 + -46 - 49)?
-48
What is the value of -10 + -6 + 26 - (15 + -9 - -13)?
-9
Calculate 81 + 99 + -95 - (29 - 0).
56
What is the value of -35 - (-8 - (-6 - 0 - (-112 + 112)))?
-33
What is the value of 48 - (-45 + 28 + 42) - -26?
49
Calculate 80 - (86 + -76 - -3).
67
Evaluate -2 + -21 + (15 - (-7 + 0 + 13 + 8)).
-22
Evaluate (2 + -1 - -2) + (9 - 5 - 4) + 29.
32
What is (55 - (-11 - -60)) + -33?
-27
Calculate (3 - (4 + -86 - -5)) + -591 + 573.
62
Calculate -8 - (105 - (233 - 107)).
13
Evaluate 2 - 0 - 35 - (60 + -104 - -43).
-32
What is 4 + (2 + -4 - -10) - 35 - 4?
-27
What is 16 + -22 + (4 + 5 - (6 - 2)) + -50?
-51
Calculate (-25 - 19) + 11 - -65.
32
What is the value of (-5 - (-8 - -7) - -5 - -13) + -3?
11
What is the value of 17 - ((-31 - -6) + (-41 - -15))?
68
Calculate -4 + 1 + -4 + (-38 - -27) + 7 + -20.
-31
Evaluate (-2 - -2 - -53) + (18 + -6 + -30 - -24).
59
What is the value of 5 + 25 + -65 + 32?
-3
(11 - (-1 + 3) - -1) + -191 + 287
106
What is the value of -103 + 0 - (19370 - 19380)?
-93
Calculate 80 - 133 - -43 - (1 - (0 + 70)).
59
What is the value of 18 - ((-25 - -4) + -27 + 30 + 4)?
32
Evaluate -6 - (-31 - (-6 - (1 - -1)) - 5 - 5).
27
What is 31 - (29 - -15 - -3)?
-16
Calculate (6 - 9) + 52 - (-40 - (-72 - -36)).
53
What is the value of 10 + 47 + -48 + -30?
-21
What is 26 + (29 - 35 - -31)?
51
What is the value of 56 - (50 + -95 - -53)?
48
-34 + -14 + (17 + (-11 - -13) - 1)
-30
72 - 53 - (-9 - (8 + -23))
13
What is 66 - (27 + (-20 - 0) + 14)?
45
Evaluate 3 - 1 - (-8 + 24) - (-298 - -309).
-25
What is the value of 3 + 0 + 19 + 2 - (-6 - -11)?
19
Calculate -2 + -8 + -33 + -79 + 84.
-38
(7 - (4 + -1 + 16 + -9)) + 20
17
What is the value of 15 + (10 - -1 - ((-20 - -12) + 2))?
32
Evaluate -35 - -7 - (302 - 287).
-43
(10 - 6) + (-3 - (13 - (23 + -6)))
5
What is the value of 2 - (-16 - -12) - (-23 + 0) - (-4 + 10)?
23
What is (3 - (-4 + -19)) + (-112 - -30 - -65)?
9
What is the value of (38 - 19) + -13 - 27?
-21
What is 967 + -852 + -2 + 5 + -8 + 6?
116
Evaluate 719 + -658 + 6 + -37.
30
What is -74 + (-16 - (30 + -60) - 25) + 0 + 19?
-66
-17 - 13 - (-2 - (7 + -3 + (1 - 2)))
-25
101 - (11 - (7 - 19) - 11)
89
98 - (79 + 109 + -80)
-10
What is -77 - (-131 + 15 - -49)?
-10
(22 - -29) + -23 + 34
62
What is -145 - -65 - (69 - 111)?
-38
What is the value of -3 + -9 + 1057 + -1033 - (1 - -93)?
-82
Evaluate (54 - (-29 - -28)) + -15.
40
What is (44 - (-12 - -8 - 8)) + (-37 - -30)?
49
What is the value of 11 + -99 + 58 + 14?
-16
(-2 - -50) + (-1321 - -1235)
-38
Evaluate 108 - (-119 - -218) - (-2 - -62).
-51
-21 + -41 + 46 - -21
5
What is the value of -3 + 7 - (131 - 60 - 99)?
32
Calculate (-97 - -174) + -66 - 112.
-101
Calculate 5 + -63 + (121 - 77) + (1 - 79).
-92
What is -3 + -3 + -16 - -52 - 19?
11
Calculate -2 + (-11 + 14 - 7 - -6) + 8 - 46.
-38
Calculate -149 + 143 + -12 + -96.
-114
Evaluate 84 + -57 - (-4 - -5 - -50).
-24
Calculate -1153 - -1142 - (-12 - 1).
2
What is the value of -37 - (63 + -189 + 45)?
44
Evaluate (35 - 102) + (-91 - -129).
-29
What is 37 + 109 + -90 + -71?
-15
Evaluate -32 - (-46 - (59 - 151)).
-78
What is the value of 40 - (-27 - (6 - 65) - 7)?
15
(-28 - -38) + -7 + (-47 + (-1 - 0) - 0)
-45
What is the value of 43 - ((-4 + 3 - -5) + (8 - 73) + 56)?
48
What is the value of -102 + (157 - 114) + -12?
-71
What is -43 - (-22 + (4 - (-1 + -22)))?
-48
Calculate -46 + 51 + 8 + 0 + 10 + -14.
9
What is 3 - 38 - (-6 - (0 - -1) - (-49 + 44))?
-33
What is the value of -105 - (-2 - (-57 - -110))?
-50
What is the value of -15 - ((68 - 32 - 18) + -108)?
75
-8 + -4 - ((23 - 33) + 4) - (0 - 3)
-3
Calculate 1649 + -1702 + 1 + 71.
19
Evaluate 5 - (-4 - 12) - (2 - 6) - (-381 + 383).
23
Calculate 3 + -8 + 5 + (0 - 6 - -12) + -12.
-6
Calculate (0 + -1 - (32 + -37 - -2)) + 3 - -38.
43
45 + (-19 - 11) + 0 + 4
19
15 - 39 - -38 - 7
7
Calculate (12 - 81) + -25 + 18 + 0 + 9 - 10.
-77
(-20 - (8 + -38 + 23)) + (1 - 20)
-32
What is 49 - ((-24 - 28) + 63)?
38
(-1713 - -1610) + -1 + 87
-17
What is the value of -237 - (-134 - 6) - -191?
94
What is -140 + ((-10 - (-3 - 16)) + -11 - -7)?
-135
Evaluate (-15 - (38 - -4 - 123)) + (-1 + -3 - 1).
61
Evaluate 26 + -11 - (-5 + (-13 - -3) - -12).
18
What is the value of 23 - (-54 - (-62 + 43))?
58
803 + -833 - (50 + -1)
-79
What is -169 + 46 - (8 + -84)?
-47
8 + 42 + 16 + -11 + (3 - 9)
49
Calculate -95 + (208 - (-144 + 147)).
110
Evaluate 25 + 0 + (-2386 - -2399).
38
(-171 - 6) + 121 + 3 + 30
-23
86 - (-13 - 1 - (-1 + -11 + 4))
92
Evaluate -6 + (-2 + 9 - (-2 + -4 + -7)) - -2.
16
(84 - -2) + (9 - -8 - 18 - -18)
103
What is 6 - -14 - (-12 + 19) - -4?
17
Calculate (93 - 3) + 2 + -1 + (63 + 10 - 81).
83
Calculate 103 + (127 - (100 - -43)).
87
Evaluate -1 + 3 - (-46 - 1 - (46 - (92 - 42))).
45
7 + (7 - 8) - -4 - (-8 + -11 + 17)
12
118 + -54 + -49 - (-1 + -3 - (26 - -19))
64
-1 - -10 - (-127 + 13 + -1 - (12 + 1))
137
Evaluate -34 + -7 + 33 - 23.
-31
Calculate -7 + (27 - (8 + 34)) + (-1 - 9).
-32
What is the value of (-2 - (2 - -3 - (-1 - -1))) + 47 + -46?
-6
Evaluate -3 + 13 - (-1541 + 1490).
61
Calculate -11 + 115 + 1015 + -1218.
-99
Evaluate -1312 - -1369 - (4 + 77).
-24
What is the value of -4 + 2 + (7 - 13) + (70 - 61) - 6?
-5
(22 - -1) + -127 + 112 + (83 - 7)
84
Calculate 0 + -1 + -10 + -68 + -11 + (74 - 13).
-29
Evaluate (12 - (46 - (53 + -20))) + -1 + 24 + -10.
12
(-5 - 21 - (-2 + -10)) + -42
-56
Evaluate 49 + 125 + -66 + -108.
0
What is the value of -28 - ((5 + -23 - 2) + 17)?
-25
Evaluate (104 - (2 + 1)) + 0 - (-170 + 32 + 142).
97
Calculate (0 - 28) + -3 + (-41 - -2) + 39.
-31
What is the value of -32 + 84 - -2 - 20?
34
Calculate -7 + -68 - -96 - -78.
99
Evaluate (4 - (0 + 5)) + (-10 - (-14 - -4 - 27)).
26
Evaluate (27 + 7 - -1) + (129 - 128).
36
What is -32 - -15 - (10 - (-4 - -3))?
-28
-7 - 127 - (-292 + 206)
-48
What is -15 + 5 + 136 + -108 + 73?
91
Evaluate 92 + -21 + 